{"id":15631,"date":"2014-05-21T11:16:46","date_gmt":"2014-05-21T11:16:46","guid":{"rendered":"http:\/\/demo.qodeinteractive.com\/bridge35\/?page_id=15042"},"modified":"2019-12-04T09:43:35","modified_gmt":"2019-12-04T08:43:35","slug":"auszeichnungen","status":"publish","type":"page","link":"https:\/\/www.arch-omo.at\/index.php\/auszeichnungen\/","title":{"rendered":"Auszeichnungen"},"content":{"rendered":"<p>[vc_row css_animation=&#8220;element_from_right&#8220; row_type=&#8220;row&#8220; use_row_as_full_screen_section=&#8220;no&#8220; type=&#8220;grid&#8220; angled_section=&#8220;no&#8220; text_align=&#8220;left&#8220; background_image_as_pattern=&#8220;without_pattern&#8220; transition_delay=&#8220;0.8&#8243; css=&#8220;.vc_custom_1443710055016{margin-bottom: 20px !important;}&#8220;][vc_column][vc_column_text css=&#8220;.vc_custom_1443696257468{margin-bottom: 20px !important;border-top-width: 20px !important;border-bottom-width: 20px !important;padding-top: 20px !important;padding-bottom: 20px !important;}&#8220;]<\/p>\n<h1>Auszeichnungen<\/h1>\n<p>[\/vc_column_text][vc_separator type=&#8220;normal&#8220;][\/vc_column][\/vc_row][vc_row css_animation=&#8220;&#8220; row_type=&#8220;row&#8220; use_row_as_full_screen_section=&#8220;no&#8220; type=&#8220;grid&#8220; anchor=&#8220;portfolio&#8220; angled_section=&#8220;no&#8220; text_align=&#8220;left&#8220; background_image_as_pattern=&#8220;without_pattern&#8220; padding_top=&#8220;70&#8243; padding_bottom=&#8220;70&#8243;][vc_column width=&#8220;1\/2&#8243;][vc_single_image image=&#8220;23803&#8243; img_size=&#8220;large&#8220; alignment=&#8220;right&#8220; onclick=&#8220;custom_link&#8220; qode_css_animation=&#8220;element_from_left&#8220; transition_delay=&#8220;0.2&#8243; link=&#8220;http:\/\/www.arch-omo.at\/?p=16635&#8243;][\/vc_column][vc_column width=&#8220;1\/2&#8243;][vc_column_text]<\/p>\n<h2 style=\"text-align: left;\">2019<\/h2>\n<p>[\/vc_column_text][vc_column_text]<\/p>\n<h3>Red Dot Awards 2019<\/h3>\n<p>Kategorie: Best of Best<\/p>\n<p>Projekt: 007 Elements, S\u00f6lden, Tirol<\/p>\n<p><a href=\"https:\/\/www.red-dot.org\/de\/project\/007-elements-40647\" target=\"_blank\" rel=\"noopener\">Link: Red Dot Awards 2019<\/a>[\/vc_column_text][vc_separator type=&#8220;transparent&#8220; up=&#8220;5&#8243; down=&#8220;16&#8243;][vc_column_text]<\/p>\n<h2 style=\"text-align: left;\">2019<\/h2>\n<p>[\/vc_column_text][vc_column_text]<\/p>\n<h3>Blueprint Awards 2019 &#8211; commended project<\/h3>\n<p>Kategorie: Best public-use project with private funding<\/p>\n<p>Projekt: 007 Elements, S\u00f6lden, Tirol<\/p>\n<p><a href=\"http:\/\/www.blueprintawards.co.uk\/#winners\" target=\"_blank\" rel=\"noopener\">Link: Blueprint Awards 2019<\/a>[\/vc_column_text][vc_separator type=&#8220;transparent&#8220; up=&#8220;5&#8243; down=&#8220;16&#8243;][vc_column_text]<\/p>\n<h2 style=\"text-align: left;\">2019<\/h2>\n<p>[\/vc_column_text][vc_column_text]<\/p>\n<h3>FRAME Awards 2019 &#8211; nominee longlisted<\/h3>\n<p>Kategorie: Sustainability<\/p>\n<p>Projekt: 007 Elements, S\u00f6lden, Tirol<\/p>\n<p><a href=\"https:\/\/www.frameawards.com\/winners\/2019\" target=\"_blank\" rel=\"noopener\">Link: Frame Awards 2019<\/a>[\/vc_column_text][vc_separator type=&#8220;transparent&#8220; up=&#8220;5&#8243; down=&#8220;16&#8243;][vc_column_text]<\/p>\n<h2 style=\"text-align: left;\">2019<\/h2>\n<p>[\/vc_column_text][vc_column_text]<\/p>\n<h3>Bigsee Architecture Award 2019 &#8211; Winner<\/h3>\n<p>Kategorie: Architecture<\/p>\n<p>Projekt: 007 Elements, S\u00f6lden, Tirol<\/p>\n<p><a href=\"http:\/\/www.blueprintawards.co.uk\/#winners\" target=\"_blank\" rel=\"noopener\">Link: Bigsee Architecture Award 2019<\/a>[\/vc_column_text][vc_separator type=&#8220;transparent&#8220; up=&#8220;5&#8243; down=&#8220;16&#8243;][vc_column_text]<\/p>\n<h2 style=\"text-align: left;\">2018<\/h2>\n<p>[\/vc_column_text][vc_column_text]<\/p>\n<h3>Best Museum Gallery of the Year 2018<\/h3>\n<p>Projekt: 007 Elements, S\u00f6lden, Tirol<\/p>\n<p><a href=\"https:\/\/www.gooood.cn\/review-of-the-year-gooood-best-museumgallery-projects-of-2018.htm\" target=\"_blank\" rel=\"noopener\">Link: gooood.cn<\/a>[\/vc_column_text][vc_separator type=&#8220;transparent&#8220; up=&#8220;5&#8243; down=&#8220;16&#8243;][\/vc_column][\/vc_row][vc_row css_animation=&#8220;&#8220; row_type=&#8220;row&#8220; use_row_as_full_screen_section=&#8220;no&#8220; type=&#8220;grid&#8220; angled_section=&#8220;no&#8220; text_align=&#8220;left&#8220; background_image_as_pattern=&#8220;without_pattern&#8220;][vc_column][vc_separator type=&#8220;normal&#8220;][\/vc_column][\/vc_row][vc_row css_animation=&#8220;&#8220; row_type=&#8220;row&#8220; use_row_as_full_screen_section=&#8220;no&#8220; type=&#8220;grid&#8220; anchor=&#8220;portfolio&#8220; angled_section=&#8220;no&#8220; text_align=&#8220;left&#8220; background_image_as_pattern=&#8220;without_pattern&#8220; padding_top=&#8220;70&#8243; padding_bottom=&#8220;70&#8243;][vc_column width=&#8220;1\/2&#8243;][vc_column_text]<\/p>\n<h2 style=\"text-align: right;\">2017<\/h2>\n<p>[\/vc_column_text][vc_column_text]<\/p>\n<h3 style=\"text-align: right;\">&#8218;Die 5 sch\u00f6nsten Restaurants Europas&#8216;<\/h3>\n<p style=\"text-align: right;\">Projekt: ice Q, S\u00f6lden, Tirol<\/p>\n<p style=\"text-align: right;\">NZZ<\/p>\n<p>[\/vc_column_text][\/vc_column][vc_column width=&#8220;1\/2&#8243;][vc_single_image image=&#8220;23793&#8243; img_size=&#8220;large&#8220; qode_css_animation=&#8220;element_from_right&#8220; transition_delay=&#8220;0.2&#8243;][\/vc_column][\/vc_row][vc_row css_animation=&#8220;&#8220; row_type=&#8220;row&#8220; use_row_as_full_screen_section=&#8220;no&#8220; type=&#8220;grid&#8220; angled_section=&#8220;no&#8220; text_align=&#8220;left&#8220; background_image_as_pattern=&#8220;without_pattern&#8220;][vc_column][vc_separator type=&#8220;normal&#8220;][\/vc_column][\/vc_row][vc_row css_animation=&#8220;&#8220; row_type=&#8220;row&#8220; use_row_as_full_screen_section=&#8220;no&#8220; type=&#8220;grid&#8220; anchor=&#8220;portfolio&#8220; angled_section=&#8220;no&#8220; text_align=&#8220;left&#8220; background_image_as_pattern=&#8220;without_pattern&#8220; padding_top=&#8220;70&#8243; padding_bottom=&#8220;70&#8243;][vc_column width=&#8220;1\/2&#8243;][vc_single_image image=&#8220;21794&#8243; img_size=&#8220;large&#8220; alignment=&#8220;right&#8220; onclick=&#8220;custom_link&#8220; qode_css_animation=&#8220;element_from_left&#8220; transition_delay=&#8220;0.2&#8243; link=&#8220;http:\/\/www.arch-omo.at\/?p=16635&#8243;][\/vc_column][vc_column width=&#8220;1\/2&#8243;][vc_column_text]<\/p>\n<h2 style=\"text-align: left;\">2015<\/h2>\n<p>[\/vc_column_text][vc_column_text]<\/p>\n<h3>Materialpreis Stuttgart:\u00a01. Preis<\/h3>\n<p>Kategorie:\u00a0Kunststoff &amp; Biopolymer<\/p>\n<p>Projekt: Bergstation Grasjochbahn, Montafon,\u00a0Vorarlberg<\/p>\n<p><a href=\"http:\/\/www.raumprobe.de\/materialpreis\/materialpreis-2015\/auszeichungen\/detail-auszeichungen\/datum\/2015\/10\/29\/grasjoch-hochalpila-bahnen-st-gallenkirch-montafon\/\" target=\"_blank\" rel=\"noopener\">Link: Materialpreis 2015<\/a>[\/vc_column_text][vc_separator type=&#8220;transparent&#8220; up=&#8220;5&#8243; down=&#8220;16&#8243;][\/vc_column][\/vc_row][vc_row css_animation=&#8220;&#8220; row_type=&#8220;row&#8220; use_row_as_full_screen_section=&#8220;no&#8220; type=&#8220;grid&#8220; angled_section=&#8220;no&#8220; text_align=&#8220;left&#8220; background_image_as_pattern=&#8220;without_pattern&#8220;][vc_column][vc_separator type=&#8220;normal&#8220;][\/vc_column][\/vc_row][vc_row css_animation=&#8220;&#8220; row_type=&#8220;row&#8220; use_row_as_full_screen_section=&#8220;no&#8220; type=&#8220;grid&#8220; anchor=&#8220;portfolio&#8220; angled_section=&#8220;no&#8220; text_align=&#8220;left&#8220; background_image_as_pattern=&#8220;without_pattern&#8220; padding_top=&#8220;70&#8243; padding_bottom=&#8220;70&#8243;][vc_column width=&#8220;1\/2&#8243;][vc_column_text]<\/p>\n<h2 style=\"text-align: right;\">2013<\/h2>\n<p>[\/vc_column_text][vc_column_text]<\/p>\n<h3 style=\"text-align: right;\">7. BTV Bauherrenpreis: Auszeichnung<\/h3>\n<p style=\"text-align: right;\">Projekt: Bergstation Seilbahn Gaislachkogl, S\u00f6lden, Tirol<\/p>\n<p>[\/vc_column_text][vc_column_text css=&#8220;.vc_custom_1447409495013{padding-top: 30px !important;}&#8220;]<\/p>\n<h2 style=\"text-align: right;\">2013<\/h2>\n<p>[\/vc_column_text][vc_column_text]<\/p>\n<h3 style=\"text-align: right;\">ISR Herausragende Architektur am Berg: Auszeichnung<\/h3>\n<p style=\"text-align: right;\">Projekt: Seilbahn Gaislachkogl, S\u00f6lden, Tirol<\/p>\n<p>[\/vc_column_text][vc_column_text css=&#8220;.vc_custom_1447409503533{padding-top: 30px !important;}&#8220;]<\/p>\n<h2 style=\"text-align: right;\">2012<\/h2>\n<p>[\/vc_column_text][vc_column_text]<\/p>\n<h3 style=\"text-align: right;\">Auszeichnung des Landes Tirol f\u00fcr neues Bauen: Anerkennung<\/h3>\n<p style=\"text-align: right;\">Projekt: Seilbahn Gaislachkogl, S\u00f6lden, Tirol<\/p>\n<p>[\/vc_column_text][\/vc_column][vc_column width=&#8220;1\/2&#8243;][vc_single_image image=&#8220;21791&#8243; img_size=&#8220;large&#8220; qode_css_animation=&#8220;element_from_right&#8220; transition_delay=&#8220;0.2&#8243;][\/vc_column][\/vc_row][vc_row css_animation=&#8220;&#8220; row_type=&#8220;row&#8220; use_row_as_full_screen_section=&#8220;no&#8220; type=&#8220;grid&#8220; angled_section=&#8220;no&#8220; text_align=&#8220;left&#8220; background_image_as_pattern=&#8220;without_pattern&#8220;][vc_column][vc_separator type=&#8220;normal&#8220;][\/vc_column][\/vc_row][vc_row css_animation=&#8220;&#8220; row_type=&#8220;row&#8220; use_row_as_full_screen_section=&#8220;no&#8220; type=&#8220;grid&#8220; anchor=&#8220;portfolio&#8220; angled_section=&#8220;no&#8220; text_align=&#8220;left&#8220; background_image_as_pattern=&#8220;without_pattern&#8220; padding_top=&#8220;70&#8243; padding_bottom=&#8220;70&#8243;][vc_column width=&#8220;1\/2&#8243;][vc_single_image image=&#8220;21790&#8243; img_size=&#8220;large&#8220; alignment=&#8220;right&#8220; qode_css_animation=&#8220;element_from_left&#8220; transition_delay=&#8220;0.2&#8243;][\/vc_column][vc_column width=&#8220;1\/2&#8243;][vc_column_text]<\/p>\n<h2 style=\"text-align: left;\">2011<\/h2>\n<p>[\/vc_column_text][vc_column_text]<\/p>\n<h3>Best Architects 12: 1. preis<\/h3>\n<p>Arge Obermoser \/ Schnizer<\/p>\n<p>Projekt: Sporthalle, Wattens, Tirol[\/vc_column_text][vc_column_text css=&#8220;.vc_custom_1447409655046{padding-top: 30px !important;}&#8220;]<\/p>\n<h2 style=\"text-align: left;\">2011<\/h2>\n<p>[\/vc_column_text][vc_column_text]<\/p>\n<h3 style=\"text-align: left;\">Auszeichnung des Landes Tirol f\u00fcr neues Bauen: Auszeichnung<\/h3>\n<p style=\"text-align: left;\">Arge Obermoser \/ Schnizer<\/p>\n<p style=\"text-align: left;\">Projekt: Sporthalle, Wattens, Tirol<\/p>\n<p>[\/vc_column_text][vc_column_text css=&#8220;.vc_custom_1447409663768{padding-top: 30px !important;}&#8220;]<\/p>\n<h2 style=\"text-align: left;\">2009<\/h2>\n<p>[\/vc_column_text][vc_column_text]<\/p>\n<h3>Bauherrenpreis der Zentralvereinigung der Architekten \u00d6sterreich<\/h3>\n<p>Arge Obermoser \/ Schnizer<\/p>\n<p>Projekt: Sporthalle, Wattens, Tirol[\/vc_column_text][\/vc_column][\/vc_row][vc_row css_animation=&#8220;&#8220; row_type=&#8220;row&#8220; use_row_as_full_screen_section=&#8220;no&#8220; type=&#8220;grid&#8220; angled_section=&#8220;no&#8220; text_align=&#8220;left&#8220; background_image_as_pattern=&#8220;without_pattern&#8220;][vc_column][vc_separator type=&#8220;normal&#8220;][\/vc_column][\/vc_row][vc_row css_animation=&#8220;&#8220; row_type=&#8220;row&#8220; use_row_as_full_screen_section=&#8220;no&#8220; type=&#8220;grid&#8220; anchor=&#8220;portfolio&#8220; angled_section=&#8220;no&#8220; text_align=&#8220;left&#8220; background_image_as_pattern=&#8220;without_pattern&#8220; padding_top=&#8220;70&#8243; padding_bottom=&#8220;70&#8243;][vc_column width=&#8220;1\/2&#8243;][vc_column_text]<\/p>\n<h2 style=\"text-align: right;\">2008<\/h2>\n<p>[\/vc_column_text][vc_column_text]<\/p>\n<h3 style=\"text-align: right;\">Auszeichnung des Landes Tirol f\u00fcr neues Bauen: Anerkennung<\/h3>\n<p style=\"text-align: right;\">Arge Obermoser \/ Schl\u00f6gl &amp; S\u00fc\u00df<\/p>\n<p style=\"text-align: right;\">Projekt: ILL &#8211; Integrierte Landesleitstelle Tirol, Innsbruck<\/p>\n<p>[\/vc_column_text][vc_column_text css=&#8220;.vc_custom_1447409778224{padding-top: 30px !important;}&#8220;]<\/p>\n<h2 style=\"text-align: right;\">2007<\/h2>\n<p>[\/vc_column_text][vc_column_text]<\/p>\n<h3 style=\"text-align: right;\">5. BTV Bauherrenpreis: Anerkennung<\/h3>\n<p style=\"text-align: right;\">Arge Obermoser \/ Schl\u00f6gl &amp; S\u00fc\u00df<\/p>\n<p style=\"text-align: right;\">Projekt: ILL &#8211; Integrierte Landesleitstelle Tirol, Innsbruck<\/p>\n<p>[\/vc_column_text][vc_separator type=&#8220;transparent&#8220; up=&#8220;5&#8243; down=&#8220;16&#8243;][\/vc_column][vc_column width=&#8220;1\/2&#8243;][vc_single_image image=&#8220;21787&#8243; img_size=&#8220;large&#8220; qode_css_animation=&#8220;element_from_right&#8220; transition_delay=&#8220;0.2&#8243;][\/vc_column][\/vc_row][vc_row css_animation=&#8220;&#8220; row_type=&#8220;row&#8220; use_row_as_full_screen_section=&#8220;no&#8220; type=&#8220;grid&#8220; angled_section=&#8220;no&#8220; text_align=&#8220;left&#8220; background_image_as_pattern=&#8220;without_pattern&#8220;][vc_column][vc_separator type=&#8220;normal&#8220;][\/vc_column][\/vc_row][vc_row css_animation=&#8220;&#8220; row_type=&#8220;row&#8220; use_row_as_full_screen_section=&#8220;no&#8220; type=&#8220;grid&#8220; anchor=&#8220;portfolio&#8220; angled_section=&#8220;no&#8220; text_align=&#8220;left&#8220; background_image_as_pattern=&#8220;without_pattern&#8220; padding_top=&#8220;70&#8243; padding_bottom=&#8220;70&#8243;][vc_column width=&#8220;1\/2&#8243;][vc_single_image image=&#8220;21785&#8243; img_size=&#8220;large&#8220; alignment=&#8220;right&#8220; qode_css_animation=&#8220;element_from_left&#8220; transition_delay=&#8220;0.2&#8243;][\/vc_column][vc_column width=&#8220;1\/2&#8243;][vc_column_text]<\/p>\n<h2 style=\"text-align: left;\">2007<\/h2>\n<p>[\/vc_column_text][vc_column_text]<\/p>\n<h3>5. BTV Bauherrenpreis: Anerkennung<\/h3>\n<p>Arge Obermoser \/ Eck &amp; Reiter<\/p>\n<p>Projekt: Volksschule Sistrans, Tirol[\/vc_column_text][\/vc_column][\/vc_row][vc_row css_animation=&#8220;&#8220; row_type=&#8220;row&#8220; use_row_as_full_screen_section=&#8220;no&#8220; type=&#8220;grid&#8220; angled_section=&#8220;no&#8220; text_align=&#8220;left&#8220; background_image_as_pattern=&#8220;without_pattern&#8220;][vc_column][vc_separator type=&#8220;normal&#8220;][\/vc_column][\/vc_row][vc_row css_animation=&#8220;&#8220; row_type=&#8220;row&#8220; use_row_as_full_screen_section=&#8220;no&#8220; type=&#8220;grid&#8220; anchor=&#8220;portfolio&#8220; angled_section=&#8220;no&#8220; text_align=&#8220;left&#8220; background_image_as_pattern=&#8220;without_pattern&#8220; padding_top=&#8220;70&#8243; padding_bottom=&#8220;70&#8243;][vc_column width=&#8220;1\/2&#8243;][vc_column_text]<\/p>\n<h2 style=\"text-align: right;\">2007<\/h2>\n<p>[\/vc_column_text][vc_column_text]<\/p>\n<h3 style=\"text-align: right;\">Stiftungspreis \u201aLebendige Stadt\u2018 Hamburg: Anerkennung<\/h3>\n<p style=\"text-align: right;\">Projekt: Zentral Garage, Innsbruck, Tirol<\/p>\n<p>[\/vc_column_text][\/vc_column][vc_column width=&#8220;1\/2&#8243;][vc_single_image image=&#8220;21784&#8243; img_size=&#8220;large&#8220; alignment=&#8220;right&#8220; qode_css_animation=&#8220;element_from_right&#8220; transition_delay=&#8220;0.2&#8243;][\/vc_column][\/vc_row][vc_row css_animation=&#8220;&#8220; row_type=&#8220;row&#8220; use_row_as_full_screen_section=&#8220;no&#8220; type=&#8220;grid&#8220; angled_section=&#8220;no&#8220; text_align=&#8220;left&#8220; background_image_as_pattern=&#8220;without_pattern&#8220;][vc_column][vc_separator type=&#8220;normal&#8220;][\/vc_column][\/vc_row][vc_row css_animation=&#8220;&#8220; row_type=&#8220;row&#8220; use_row_as_full_screen_section=&#8220;no&#8220; type=&#8220;grid&#8220; anchor=&#8220;portfolio&#8220; angled_section=&#8220;no&#8220; text_align=&#8220;left&#8220; background_image_as_pattern=&#8220;without_pattern&#8220; padding_top=&#8220;70&#8243; padding_bottom=&#8220;70&#8243;][vc_column width=&#8220;1\/2&#8243;][vc_single_image image=&#8220;21782&#8243; img_size=&#8220;large&#8220; qode_css_animation=&#8220;element_from_left&#8220; transition_delay=&#8220;0.2&#8243;][\/vc_column][vc_column width=&#8220;1\/2&#8243;][vc_column_text]<\/p>\n<h2 style=\"text-align: left;\">2006<\/h2>\n<p>[\/vc_column_text][vc_column_text]<\/p>\n<h3 style=\"text-align: left;\">Bauherrenpreis der Zentralvereinigung der Architekten \u00d6sterreich<\/h3>\n<p style=\"text-align: left;\">Generalplaner: Obermoser \/ Architektur: Heinz Tesar<\/p>\n<p style=\"text-align: left;\">Projekt: BTV\u00a0Stadtforum, Innsbruck, Tirol<\/p>\n<p>[\/vc_column_text][vc_column_text css=&#8220;.vc_custom_1447410053685{padding-top: 30px !important;}&#8220;]<\/p>\n<h2 style=\"text-align: left;\">2006<\/h2>\n<p>[\/vc_column_text][vc_column_text]<\/p>\n<h3 style=\"text-align: left;\">Auszeichnung des Landes Tirol f\u00fcr neues Bauen: Auszeichnung<\/h3>\n<p style=\"text-align: left;\">Generalplaner: Obermoser \/ Architektur: Heinz Tesar<\/p>\n<p style=\"text-align: left;\">Projekt: BTV\u00a0Stadtforum, Innsbruck, Tirol<\/p>\n<p>[\/vc_column_text][vc_separator type=&#8220;transparent&#8220; up=&#8220;5&#8243; down=&#8220;16&#8243;][\/vc_column][\/vc_row][vc_row css_animation=&#8220;&#8220; row_type=&#8220;row&#8220; use_row_as_full_screen_section=&#8220;no&#8220; type=&#8220;grid&#8220; angled_section=&#8220;no&#8220; text_align=&#8220;left&#8220; background_image_as_pattern=&#8220;without_pattern&#8220;][vc_column][vc_separator type=&#8220;normal&#8220;][\/vc_column][\/vc_row][vc_row css_animation=&#8220;&#8220; row_type=&#8220;row&#8220; use_row_as_full_screen_section=&#8220;no&#8220; type=&#8220;grid&#8220; anchor=&#8220;portfolio&#8220; angled_section=&#8220;no&#8220; text_align=&#8220;left&#8220; background_image_as_pattern=&#8220;without_pattern&#8220; padding_top=&#8220;70&#8243; padding_bottom=&#8220;70&#8243;][vc_column width=&#8220;1\/2&#8243;][vc_column_text]<\/p>\n<h2 style=\"text-align: right;\">2003<\/h2>\n<p>[\/vc_column_text][vc_column_text]<\/p>\n<h3 style=\"text-align: right;\">3. BTV Bauherrenpreis: Anerkennung<\/h3>\n<p style=\"text-align: right;\">Projekt: Wohnanlage, Igls Patscherstra\u00dfe, Tirol<\/p>\n<p>[\/vc_column_text][vc_column_text]<\/p>\n<h2 style=\"text-align: right;\">2002<\/h2>\n<p>[\/vc_column_text][vc_column_text]<\/p>\n<h3 style=\"text-align: right;\">Auszeichnung des Landes Tirol f\u00fcr neues Bauen: Anerkennung<\/h3>\n<p style=\"text-align: right;\">Projekt: Wohnanlage, Igls Patscherstra\u00dfe, Tirol<\/p>\n<p>[\/vc_column_text][\/vc_column][vc_column width=&#8220;1\/2&#8243;][vc_single_image image=&#8220;21779&#8243; img_size=&#8220;large&#8220; qode_css_animation=&#8220;element_from_right&#8220; transition_delay=&#8220;0.2&#8243;][\/vc_column][\/vc_row][vc_row css_animation=&#8220;&#8220; row_type=&#8220;row&#8220; use_row_as_full_screen_section=&#8220;no&#8220; type=&#8220;grid&#8220; angled_section=&#8220;no&#8220; text_align=&#8220;left&#8220; background_image_as_pattern=&#8220;without_pattern&#8220;][vc_column][vc_separator type=&#8220;normal&#8220;][\/vc_column][\/vc_row][vc_row css_animation=&#8220;&#8220; row_type=&#8220;row&#8220; use_row_as_full_screen_section=&#8220;no&#8220; type=&#8220;grid&#8220; anchor=&#8220;portfolio&#8220; angled_section=&#8220;no&#8220; text_align=&#8220;left&#8220; background_image_as_pattern=&#8220;without_pattern&#8220; padding_top=&#8220;70&#8243; padding_bottom=&#8220;70&#8243;][vc_column width=&#8220;1\/2&#8243;][vc_single_image image=&#8220;21781&#8243; img_size=&#8220;large&#8220; qode_css_animation=&#8220;element_from_left&#8220; transition_delay=&#8220;0.2&#8243;][\/vc_column][vc_column width=&#8220;1\/2&#8243;][vc_column_text]<\/p>\n<h2 style=\"text-align: left;\">1997<\/h2>\n<p>[\/vc_column_text][vc_column_text]<\/p>\n<h3 style=\"text-align: left;\">Bauherrenpreis der Zentralvereinigung der Architekten \u00d6sterreich<\/h3>\n<p style=\"text-align: left;\">Projekt: Seniorenzentrum Zams-Sch\u00f6nwies, Tirol<\/p>\n<p>[\/vc_column_text][\/vc_column][\/vc_row][vc_row css_animation=&#8220;&#8220; row_type=&#8220;row&#8220; use_row_as_full_screen_section=&#8220;no&#8220; type=&#8220;grid&#8220; angled_section=&#8220;no&#8220; text_align=&#8220;left&#8220; background_image_as_pattern=&#8220;without_pattern&#8220;][vc_column][vc_separator type=&#8220;normal&#8220;][\/vc_column][\/vc_row][vc_row css_animation=&#8220;&#8220; row_type=&#8220;row&#8220; use_row_as_full_screen_section=&#8220;no&#8220; type=&#8220;grid&#8220; anchor=&#8220;portfolio&#8220; angled_section=&#8220;no&#8220; text_align=&#8220;left&#8220; background_image_as_pattern=&#8220;without_pattern&#8220; padding_top=&#8220;70&#8243; padding_bottom=&#8220;70&#8243;][vc_column width=&#8220;1\/2&#8243;][vc_column_text]<\/p>\n<h2 style=\"text-align: right;\">1985<\/h2>\n<p>[\/vc_column_text][vc_column_text]<\/p>\n<h3 style=\"text-align: right;\">Auszeichnung des\u00a0Landes Tirol f\u00fcr neues Bauen: Anerkennung<\/h3>\n<p style=\"text-align: right;\">Projekt: 3-Familienhaus, Wattens, Tirol<\/p>\n<p>[\/vc_column_text][\/vc_column][vc_column width=&#8220;1\/2&#8243;][vc_single_image image=&#8220;15602&#8243; img_size=&#8220;large&#8220; alignment=&#8220;right&#8220; qode_css_animation=&#8220;element_from_left&#8220; transition_delay=&#8220;0.2&#8243;][\/vc_column][\/vc_row][vc_row css_animation=&#8220;&#8220; row_type=&#8220;row&#8220; use_row_as_full_screen_section=&#8220;no&#8220; type=&#8220;full_width&#8220; angled_section=&#8220;no&#8220; text_align=&#8220;left&#8220; background_image_as_pattern=&#8220;without_pattern&#8220;][vc_column][\/vc_column][\/vc_row]<\/p>\n","protected":false},"excerpt":{"rendered":"<p>[vc_row css_animation=&#8220;element_from_right&#8220; row_type=&#8220;row&#8220; use_row_as_full_screen_section=&#8220;no&#8220; type=&#8220;grid&#8220; angled_section=&#8220;no&#8220; text_align=&#8220;left&#8220; background_image_as_pattern=&#8220;without_pattern&#8220; transition_delay=&#8220;0.8&#8243; css=&#8220;.vc_custom_1443710055016{margin-bottom: 20px !important;}&#8220;][vc_column][vc_column_text css=&#8220;.vc_custom_1443696257468{margin-bottom: 20px !important;border-top-width: 20px !important;border-bottom-width: 20px !important;padding-top: 20px !important;padding-bottom: 20px !important;}&#8220;] Auszeichnungen [\/vc_column_text][vc_separator type=&#8220;normal&#8220;][\/vc_column][\/vc_row][vc_row css_animation=&#8220;&#8220; row_type=&#8220;row&#8220; use_row_as_full_screen_section=&#8220;no&#8220; type=&#8220;grid&#8220; anchor=&#8220;portfolio&#8220; angled_section=&#8220;no&#8220; text_align=&#8220;left&#8220; background_image_as_pattern=&#8220;without_pattern&#8220; padding_top=&#8220;70&#8243; padding_bottom=&#8220;70&#8243;][vc_column width=&#8220;1\/2&#8243;][vc_single_image image=&#8220;23803&#8243; img_size=&#8220;large&#8220; alignment=&#8220;right&#8220; onclick=&#8220;custom_link&#8220; qode_css_animation=&#8220;element_from_left&#8220; transition_delay=&#8220;0.2&#8243; link=&#8220;http:\/\/www.arch-omo.at\/?p=16635&#8243;][\/vc_column][vc_column width=&#8220;1\/2&#8243;][vc_column_text]&#8230;<\/p>\n","protected":false},"author":1,"featured_media":0,"parent":0,"menu_order":0,"comment_status":"open","ping_status":"open","template":"full_width.php","meta":{"_mi_skip_tracking":false},"_links":{"self":[{"href":"https:\/\/www.arch-omo.at\/index.php\/wp-json\/wp\/v2\/pages\/15631"}],"collection":[{"href":"https:\/\/www.arch-omo.at\/index.php\/wp-json\/wp\/v2\/pages"}],"about":[{"href":"https:\/\/www.arch-omo.at\/index.php\/wp-json\/wp\/v2\/types\/page"}],"author":[{"embeddable":true,"href":"https:\/\/www.arch-omo.at\/index.php\/wp-json\/wp\/v2\/users\/1"}],"replies":[{"embeddable":true,"href":"https:\/\/www.arch-omo.at\/index.php\/wp-json\/wp\/v2\/comments?post=15631"}],"version-history":[{"count":7,"href":"https:\/\/www.arch-omo.at\/index.php\/wp-json\/wp\/v2\/pages\/15631\/revisions"}],"predecessor-version":[{"id":23804,"href":"https:\/\/www.arch-omo.at\/index.php\/wp-json\/wp\/v2\/pages\/15631\/revisions\/23804"}],"wp:attachment":[{"href":"https:\/\/www.arch-omo.at\/index.php\/wp-json\/wp\/v2\/media?parent=15631"}],"curies":[{"name":"wp","href":"https:\/\/api.w.org\/{rel}","templated":true}]}}