{"id":17576,"date":"2016-04-06T12:15:45","date_gmt":"2016-04-06T10:15:45","guid":{"rendered":"http:\/\/www.arch-omo.at\/?page_id=17576"},"modified":"2021-04-28T15:45:16","modified_gmt":"2021-04-28T13:45:16","slug":"home-3","status":"publish","type":"page","link":"https:\/\/www.arch-omo.at\/","title":{"rendered":"Home"},"content":{"rendered":"<p>[vc_row css_animation=&#8220;&#8220; row_type=&#8220;row&#8220; use_row_as_full_screen_section=&#8220;no&#8220; type=&#8220;grid&#8220; header_style=&#8220;light&#8220; angled_section=&#8220;no&#8220; text_align=&#8220;center&#8220; background_image_as_pattern=&#8220;without_pattern&#8220; padding_top=&#8220;0&#8243; padding_bottom=&#8220;0&#8243;][vc_column][vc_single_image image=&#8220;24039&#8243; img_size=&#8220;full&#8220; add_caption=&#8220;yes&#8220; alignment=&#8220;center&#8220; qode_css_animation=&#8220;&#8220;][vc_separator type=&#8220;transparent&#8220;][\/vc_column][\/vc_row][vc_row css_animation=&#8220;&#8220; row_type=&#8220;row&#8220; use_row_as_full_screen_section=&#8220;no&#8220; type=&#8220;grid&#8220; angled_section=&#8220;no&#8220; text_align=&#8220;left&#8220; background_image_as_pattern=&#8220;without_pattern&#8220; background_color=&#8220;#ffffff&#8220; padding_top=&#8220;50&#8243; padding_bottom=&#8220;20&#8243;][vc_column][vc_column_text]<\/p>\n<h2>obermoser arch-omo zt-gmbh | architektur<\/h2>\n<p>[\/vc_column_text][vc_separator type=&#8220;normal&#8220; color=&#8220;#bababa&#8220; up=&#8220;10&#8243; down=&#8220;35&#8243;][vc_column_text]Die 2005 gegr\u00fcndete <strong>\u201eobermoser arch-omo zt-gmbh | architektur\u201c<\/strong> ist aus dem 1983 von Architekt Johann Obermoser in Innsbruck gegr\u00fcndeten Architekturb\u00fcro hervorgegangen und versteht sich als gesamthafter Partner des Bauherrn von Projektentwicklung bis zur Umsetzung. \u00dcber 350 Projekte unterschiedlicher Gr\u00f6\u00dfe und Aufgabenstellung wurden seither realisiert und sind auf dieser website auszugsweise dokumentiert.<\/p>\n<p>2020 erfolgte die Gr\u00fcndung der <strong>\u201eobermoser + partner architekten zt gmbh\u201c<\/strong>, welche auf Grundlage der bisherigen erfolgreichen Arbeit die neuen Projekte realisiert.[\/vc_column_text][\/vc_column][\/vc_row][vc_row css_animation=&#8220;&#8220; row_type=&#8220;row&#8220; use_row_as_full_screen_section=&#8220;no&#8220; type=&#8220;grid&#8220; angled_section=&#8220;no&#8220; text_align=&#8220;left&#8220; background_image_as_pattern=&#8220;without_pattern&#8220; z_index=&#8220;&#8220;][vc_column]<a  itemprop=\"url\" href=\"https:\/\/www.omoarchitekten.at\" target=\"_self\"  class=\"qbutton  big_large_full_width center enlarge\" style=\"border-color: #ffffff; font-weight: 300; text-transform: lowercase; \">...Weiter zu obermoser + partner architekten<\/a>[\/vc_column][\/vc_row]<\/p>\n","protected":false},"excerpt":{"rendered":"<p>[vc_row css_animation=&#8220;&#8220; row_type=&#8220;row&#8220; use_row_as_full_screen_section=&#8220;no&#8220; type=&#8220;grid&#8220; header_style=&#8220;light&#8220; angled_section=&#8220;no&#8220; text_align=&#8220;center&#8220; background_image_as_pattern=&#8220;without_pattern&#8220; padding_top=&#8220;0&#8243; padding_bottom=&#8220;0&#8243;][vc_column][vc_single_image image=&#8220;24039&#8243; img_size=&#8220;full&#8220; add_caption=&#8220;yes&#8220; alignment=&#8220;center&#8220; qode_css_animation=&#8220;&#8220;][vc_separator type=&#8220;transparent&#8220;][\/vc_column][\/vc_row][vc_row css_animation=&#8220;&#8220; row_type=&#8220;row&#8220; use_row_as_full_screen_section=&#8220;no&#8220; type=&#8220;grid&#8220; angled_section=&#8220;no&#8220; text_align=&#8220;left&#8220; background_image_as_pattern=&#8220;without_pattern&#8220; background_color=&#8220;#ffffff&#8220; padding_top=&#8220;50&#8243; padding_bottom=&#8220;20&#8243;][vc_column][vc_column_text] obermoser arch-omo zt-gmbh | architektur [\/vc_column_text][vc_separator type=&#8220;normal&#8220; color=&#8220;#bababa&#8220; up=&#8220;10&#8243; down=&#8220;35&#8243;][vc_column_text]Die 2005 gegr\u00fcndete \u201eobermoser arch-omo zt-gmbh | architektur\u201c ist&#8230;<\/p>\n","protected":false},"author":1,"featured_media":0,"parent":0,"menu_order":0,"comment_status":"open","ping_status":"closed","template":"full_width.php","meta":{"_mi_skip_tracking":false},"_links":{"self":[{"href":"https:\/\/www.arch-omo.at\/index.php\/wp-json\/wp\/v2\/pages\/17576"}],"collection":[{"href":"https:\/\/www.arch-omo.at\/index.php\/wp-json\/wp\/v2\/pages"}],"about":[{"href":"https:\/\/www.arch-omo.at\/index.php\/wp-json\/wp\/v2\/types\/page"}],"author":[{"embeddable":true,"href":"https:\/\/www.arch-omo.at\/index.php\/wp-json\/wp\/v2\/users\/1"}],"replies":[{"embeddable":true,"href":"https:\/\/www.arch-omo.at\/index.php\/wp-json\/wp\/v2\/comments?post=17576"}],"version-history":[{"count":188,"href":"https:\/\/www.arch-omo.at\/index.php\/wp-json\/wp\/v2\/pages\/17576\/revisions"}],"predecessor-version":[{"id":24047,"href":"https:\/\/www.arch-omo.at\/index.php\/wp-json\/wp\/v2\/pages\/17576\/revisions\/24047"}],"wp:attachment":[{"href":"https:\/\/www.arch-omo.at\/index.php\/wp-json\/wp\/v2\/media?parent=17576"}],"curies":[{"name":"wp","href":"https:\/\/api.w.org\/{rel}","templated":true}]}}